late w(a).
-2
Let n(w) = 3*w**2 - 15*w - 9. Let y(t) = -t**2 + 5*t + 3. Let o(q) = 2*n(q) + 7*y(q). Give o(6).
-3
Let m(q) be the third derivative of q**6/360 + q**5/24 + q**4/12 + q**3/3 + 7*q**2. Let l(w) be the first derivative of m(w). What is l(-4)?
-2
Let o(u) be the third derivative of -3*u**5/20 + u**4/24 - u**2. Let c be ((-2)/(-4))/(1/2). What is o(c)?
-8
Suppose 2*d - d = -1. Let n(l) = -6*l**3 - 1. Give n(d).
5
Let q = 11 + -7. Let v(y) = -y + q + 6 + 0*y. Give v(0).
10
Let o(j) = 8*j**2 - 5*j - 2. Let f(k) = -4*k**2 + 3*k + 1. Let r(i) = 5*f(i) + 3*o(i). Let p(u) = -u**2 + 4*u - 1. Let g be p(4). Calculate r(g).
3
Let i(g) be the third derivative of -g**5/60 - g**4/3 - g**3/2 + 16*g**2. Give i(-7).
4
Suppose 0 = -4*b - 3*c + 20, b = -4*c + 18. Let g(k) be the first derivative of -4 - 4*k + 1 - 2*k**b + k**2. Give g(3).
-10
Let d(s) = 5*s**2 + 1. Let l = 11 + -12. Determine d(l).
6
Let u = -3 - -5. Let w(t) = t + 3*t**u - 4*t**2 + 8 + 2*t**2. Let s be (-2)/8 + (-1)/(-4). Give w(s).
8
Let a(z) = 8 - z - 3 - z**2 + 4. Suppose -3*i + 4 = -4*i + 2*v, 3*i + 4*v = 28. Let n(b) = b - 4. Let d be n(i). Calculate a(d).
9
Let h(n) = -2*n**2 + 4*n - 7. Let j(q) = 6 + 87*q - q**2 - 90*q + 2*q**2. Let a(b) = -6*h(b) - 7*j(b). Determine a(2).
14
Let i(y) = -6*y**2 + 13*y**2 + 0 + 2*y**3 - 7*y - 3*y**3 + 1. Determine i(5).
16
Let q(u) be the first derivative of -u**3/3 - 5*u**2/2 - 6*u - 118. Let h(y) = y**3 - 4*y**2 - 6*y + 1. Let z be h(5). Give q(z).
-2
Suppose 2*s + 9 = -s - 3*v, -s + 5*v + 21 = 0. Let x(u) = -1 + 5 - 5*u - 2 - s. Determine x(1).
-4
Let h(n) = -n**3 - 2*n**2 + 4*n. Let l = -166 - -163. What is h(l)?
-3
Let z be 1*(-2)/1 + (6 - 7). Let t(k) = k**2 + k - 1. Calculate t(z).
5
Let a be (-1 - -2)/(-1 - -2). Let d(j) = j + a + 10 - 10. Determine d(-8).
-7
Let t(h) = -7*h**3 + 0*h**2 + 3*h**3 + 2*h**2 + 3*h**3 + 2*h + 3. Determine t(3).
0
Suppose 4*c - 4*l = 8, -5*c - 2*l - 7 = -24. Suppose -k = 2 - 4. Let r(b) = b**k - 4 - 4*b - 5*b**2 + b**3 + 7*b. Determine r(c).
-4
Let u = 138 - 96. Suppose -2*q - u = 3*q + 4*o, -21 = 5*q - 3*o. Let m(y) = y - 8. Calculate m(q).
-14
Let u(k) = -6*k + 7. Let t(r) = -3*r + 3. Let g(v) = -7*t(v) + 3*u(v). Suppose 4 = 5*w - 1. Calculate g(w).
3
Suppose 5 = -5*c + 4*v, 5*v - 16 - 15 = -2*c. Let f(l) = 8*l. Let g(k) = -3*k. Let n(p) = 4*f(p) + 11*g(p). What is n(c)?
-3
Suppose 0 = 4*x - 2*m, -3*m = x + 3*x - 20. Let a(l) = -2*l**3 + 3*l**2 - 2*l + 2. Give a(x).
-6
Let g(o) be the first derivative of -o**2/2 - 6. Give g(2).
-2
Let g = 24 + -27. Let p(u) = 3 + 0*u**3 - 4*u**2 + 0*u**2 - u**3. Give p(g).
-6
Let b(x) = 3*x + 1. Let j be 0/(-1) + 0 - 1. Let g = 4 + j. Suppose h - g = -4. Calculate b(h).
-2
Suppose 83*w - 20 = 88*w. Let y(j) = -j**3 - 3*j**2 + 5*j. What is y(w)?
-4
Let p(l) = 2*l - 2. Let s = -14 - -14. Suppose s = -2*z - z + 12. Give p(z).
6
Suppose -4*y = 3*m - 16, 2*m = -4*y - 0*y + 16. Let h(w) = 1 + y*w - 1 - 4 - w. What is h(3)?
5
Let b(d) = -2 + 1 - 4 - 3*d. What is b(-5)?
10
Let j be 1 - (0 - (0 + 2)). Let h(d) = 0*d - j*d + d + 3 + 4. Calculate h(5).
-3
Let p(u) = u**2 + u. Let r be p(-3). Let v(s) = -3*s**3 - 10*s**2 - 3*s - 11. Let l(i) = -i**3 - 5*i**2 - 2*i - 6. Let z(c) = 5*l(c) - 2*v(c). What is z(r)?
4
Let n(r) = -r**2 - 4*r + 7. Let q(v) = v**2 - 6*v + 5. Let p be q(6). Let b = -10 + p. What is n(b)?
2
Let p(f) = f - 4. Let z be p(8). Suppose 0 = -5*o + z*a + 18, 2*a + 6 = -o - 2*a. Let j(x) = 5*x**o - 3*x**2 + 2 + 3*x**2 - 4*x**2. Determine j(-2).
6
Let z(a) = -a**2 + a + 1. Let l = -15 - -18. Suppose 0 = 2*m - j + 3, 6*m - 5*j + 1 = l*m. Determine z(m).
-5
Let f(s) = -2*s - 1. Let n(x) = 3*x + 2. Let z(p) = 10*f(p) + 6*n(p). Calculate z(4).
-6
Let h(d) = -d**2 + d. Let v be (56/70)/((-1)/(-30)). Let p = -22 + v. What is h(p)?
-2
Let j(r) = -r**3 - 5*r**2 - 4*r - 5. Let s be j(-4). Let k(p) = -p**3 - 4*p**2 + 3*p + 4. Determine k(s).
14
Let w(l) = l**3 + 1. Let i(d) = -2*d. Let o be i(-2). Suppose 0 = 7*t - o*t + 3. Calculate w(t).
0
Let l(f) = -f**3 + 3*f + 5 - 12 + 0*f**3 + f**2 + 3. Determine l(3).
-13
Let o(y) = -3*y**3 - 87 - 2*y**2 + 97 - 8*y + 4*y**3 - 4*y**2. What is o(7)?
3
Let u(g) = -g**2 + 7*g - 6. Let r(k) = -k - 4. Let z be r(-9). Determine u(z).
4
Let z(p) be the second derivative of -3*p + 0 - p**2 + 1/12*p**4 + 1/3*p**3. Calculate z(-4).
6
Let n = 68 + -65. Let f(m) = -m**3 + m**2 + 3*m - 2. Calculate f(n).
-11
Suppose -5*t + 17 = -8. Let u be t + 0*(-3)/9. Suppose 0 = -5*y - u*k + 10, 0 = 5*k + 2 + 3. Let q(l) = -l**2 + 4*l - 3. What is q(y)?
0
Let h(v) = 11*v + 1. Let r be h(-1). Let s(u) = u**2 + 10*u + 5. Let q be s(r). Let x(d) = 2*d - 3. Give x(q).
7
Let a(z) be the second derivative of z**3/6 + z**2 - 2*z. Let o(n) = -n**2 + 7*n - 9. Let b be o(6). Determine a(b).
-1
Let l(o) = o - 4. Suppose 1 = -2*m + 19. Let u be l(m). Let s(g) = -g**3 + 4*g**2 + 4*g - 2. Calculate s(u).
-7
Let a(h) = -h + 1. Let u(m) = -m. Let z(j) = 4*a(j) - 3*u(j). Calculate z(-6).
10
Let a = 2 - 0. Let q(i) = -6*i**3 - 10*i**2 - i - 5. Let z(n) = -n**3 - 2*n**2 - 1. Let y be ((1 - 0) + 0)*-11. Let f(o) = a*q(o) + y*z(o). Determine f(1).
0
Let j(x) = -x**2 + 10*x - 10. Suppose -2*o + 13 - 3 = 2*v, -5*v - 17 = -o. What is j(o)?
11
Let o(c) = c**2 - 7*c - 1. Let a(d) = -6*d + 3*d + 4*d + 0*d + 1. Let g(j) = -2*a(j) - o(j). Give g(6).
-7
Let s be (-120)/(-66) + 4/22. Let n(u) = -2*u**3 + 2*u**2 + 2*u - 3. What is n(s)?
-7
Let o(s) = -2*s + 1 - s**2 + 3 - 6 - 1. Give o(-2).
-3
Suppose -7*y + 5 = -12*y. Let k(h) = 5*h**2 - h. Calculate k(y).
6
Suppose -27 + 0 = -9*f. Let i(n) = n**3 - n**2 + 2*n + 4. Determine i(f).
28
Let y(l) = 94 - 44 - 3*l - 48. Calculate y(2).
-4
Suppose 3*o - 4*o + 2 = 0. Suppose -f - 6 = l + 4*l, -o*f - 4*l = 0. Let d(s) be the third derivative of -s**4/24 + 3*s**3/2 + 4*s**2. Calculate d(f).
5
Let f(z) be the first derivative of -2*z**3/3 + 7*z**2/2 - 6*z - 14. Calculate f(4).
-10
Let k be 2/((8/(-10))/(-2)). Suppose 14 = k*l - 1. Let i(b) be the third derivative of -b**5/60 + b**4/24 + b**3/2 + 2*b**2. Give i(l).
-3
Let v = -29 + 15. Let r be 1/(-3)*(1 - v). Let g(l) = l**2 + 5*l + 6. Give g(r).
6
Let u(f) be the second derivative of f**3/6 - 2*f**2 - 31*f. Determine u(8).
4
Let a(c) = 7*c**3 + 3*c**2 - 6*c + 9. Let j(v) = 3*v**2 + v - 5*v**2 + 2*v**2 - 1 - v**3. Let s(y) = a(y) + 6*j(y). Determine s(-3).
3
Let m(j) = j - 1. Let c(h) = 6*h - 7. Let r(d) = -2*c(d) + 10*m(d). Let g be 3/2 + 6/12. Suppose 4*b - 25 = -3*v, v + g*b - 20 = -3*v. What is r(v)?
-2
Let s(d) be the first derivative of 2*d - 1 + 1/3*d**3 + d**2. Let f = 79 + -82. Determine s(f).
5
Let j(a) = -a**2 - a. Let g(b) = 2*b**2 + 4*b - 7. Let u(i) = g(i) + j(i). What is u(-5)?
3
Let w = -2 - -2. Suppose w = 4*b + b. Let t(y) be the first derivative of y**4/4 + y**3/3 + y**2/2 - 3*y + 5. Calculate t(b).
-3
Let g(u) = -2*u**2 - 5*u - 5. Let t(z) = 2*z - 27. Let s be t(11). What is g(s)?
-30
Let p(d) = 4*d**2 + 3*d + 3. Let m = -37 + 35. Determine p(m).
13
Let u(o) be the third derivative of -o**5/120 + o**4/6 - 5*o**3/6 - 3*o**2. Let v(r) be the first derivative of u(r). What is v(6)?
-2
Let d(i) = -i**3 + i**2 + i - 1. Let c(q) = -2*q**3 + 7*q - 6. Let p(b) = -c(b) + 3*d(b). Suppose 0 = -2*l + 3*n - 4 + 11, 0 = 3*l + 2*n - 4. Determine p(l).
-1
Let r(q) = 2*q**2 - 2*q + 1. Let a be 2/(4/12*-3). What is r(a)?
13
Suppose -4 = -k - k. Suppose k*p = p. Let j(y) = 6 - y + 0 - 15*y**2 + 16*y**2. Calculate j(p).
6
Let m = -17 + 22. Let l(s) = s**3 - 6*s**2 + 2*s + 7. Determine l(m).
-8
Let r(q) = -q**3 - 2*q**2 + 2. Let s(x) = 0*x + 5*x - 6*x**2 + 0*x**3 - 3 + x**3. Let h be s(5). What is r(h)?
11
Let l be 2 - (1/3 - 98/(-21)). Let i(m) be the third derivative of m**5/30 + m**4/12 - m**3/3 + m**2. Determine i(l).
10
Let p(a) = -a. Let b be p(0). Suppose -2*n + 2 + 2 = b. Let t = n - 3. Let j(i) = 5*i**3 + i**2 - 1. Calculate j(t).
-5
Let l(t) = -2*t**3 - 2*t**2 + 2*t + 2. Suppose -4*h - 2*s - 18 = 0, s - 4*s - 5 = -5*h. Give l(h).
6
Let j = -7 - -5. Let b(n) = n**3 + n**2 + n - 1. What is b(j)?
-7
Let l(j) = -4*j**2 - 2*j + 1. Let v(x) = 7*x**2 + 4*x - 2. Let w(i) = -5*l(i) - 3*v(i). Suppose 3*a = 3*q + 15, 2*a = -a + 6. Give w(q).
-2
Suppose 3*w + 4 = -11. Let v(s) = 6*s - 1. Let t(a) = -a. Le